/3 - n**2/2 - 3*n - 220. What is m(1)?
-55
Let n(r) = -4*r - 13. Let y(a) = -3*a - 9. Let m(o) = o + 13. Let w be m(-10). Suppose -24 = w*x - 3. Let h(c) = x*y(c) + 5*n(c). What is h(7)?
5
Let r(x) = -29*x - 26. Let o be r(5). Let f = o - -177. Let u(w) = 8*w - w**2 - 16*w + 2 + 13*w. What is u(f)?
-4
Let w be ((-3)/(-2))/((-15)/10). Let q(d) = 1. Let r(u) = u**2 + 7*u + 4. Let m(a) = w*r(a) - 5*q(a). Calculate m(-6).
-3
Suppose -322*v + 3 = 4*k - 321*v, v - 3 = -k. Let h(q) be the third derivative of 1/10*q**5 - 10*q**2 + 0*q + 0 + k*q**4 - 1/6*q**3. Determine h(-1).
5
Let a(c) = 216 - 716 - 63*c - 30*c**2 + 228 + c**3 + 239. What is a(32)?
-1
Let x(v) = 3*v + 24. Let w be x(-11). Let z be (-4)/((-48)/w) + (-873)/(-12). Let g(m) = 37*m**2 - 5*m + 6 - z*m**2 + 36*m**2. Determine g(6).
12
Let b(m) = -m**3 + 2*m**2 - 4*m + 11. Let f(z) = -2*z**2 - z + 1. Let n(g) = -b(g) - 5*f(g). Give n(-5).
14
Let f be 4*(18/8)/3. Let s(p) = 0*p + 5 + 4*p - 3 - f*p. Let o be (-4 + (1 - -3))/2. What is s(o)?
2
Let f(v) = -2*v**2 + 304. Let p be f(-12). Let l(n) = -n**3 + 15*n**2 + 17*n - 12. Calculate l(p).
4
Let m(q) = -61*q - 174. Let u(s) = -13*s + 1. Let g(k) = m(k) - 6*u(k). What is g(11)?
7
Let k = 29 - 26. Let j(m) = -m**3 + 6*m**2 - 4*m - 3. Let a be j(k). Suppose 15*b - a*b - 21 = 0. Let o(v) = -v**2 + 10*v - 10. What is o(b)?
11
Let r(h) be the second derivative of h**3/6 + 37*h**2/2 + 179*h. Give r(0).
37
Let v(h) be the second derivative of h**3/3 + h**2 - h. Let l be v(-4). Let w(c) = 5 + 88*c - 87*c - 11*c**2 + 5*c**2 + 65*c**3 - 66*c**3. What is w(l)?
-1
Let h(g) = g**2 + 8*g + 9. Let x(a) = 17*a - 95. Let i be x(5). Let p be (i/5)/(3 - 1) - 6. What is h(p)?
2
Let l(v) = 2*v + 49. Let i be (29 + 0)*(287 + -288). Determine l(i).
-9
Let g(t) = -t**3 + 13*t**2 - t + 1. Suppose 34 = 3*v - 2*j + 7*j, -v + 9 = 4*j. What is g(v)?
-12
Let g(c) = c**2 - 3*c. Suppose 11*x - 42 = 9*x - 3*v, 4*v = 4*x - 44. Let j = x - 19. Calculate g(j).
28
Let q = -20 + 28. Suppose 0 = 2*n + 1 - 3, -c - q = -2*n. Let f(m) = -5*m**2 + 502*m**3 - 256*m**3 + 1 + 6*m - 247*m**3. Give f(c).
1
Let d(x) = 143*x**2 - 84*x**2 + 9*x + 3 + x**3 - 66*x**2. Let t = 204 + -199. Calculate d(t).
-2
Let q = 21921 - 21914. Let y(b) be the second derivative of b**5/20 - 7*b**4/12 + 2*b**3/3 + 9*b**2/2 - 2*b. Determine y(q).
37
Let p(r) be the second derivative of -r**6/120 - r**5/6 - 2*r**3/3 - 38*r**2 - 2*r + 33. Let c(i) be the first derivative of p(i). Calculate c(-10).
-4
Let k(t) = -16*t + 405. Let d be k(25). Let a(q) = -5*q**2 + 20*q + 35. What is a(d)?
10
Let u(x) be the first derivative of x**4/4 - 2*x**3 + x**2 + 12*x - 2602. What is u(3)?
-9
Let q = -12 + 10. Let o(g) be the third derivative of g**8/20160 + g**7/2520 + g**6/720 - g**5/5 - 14*g**2. Let w(a) be the third derivative of o(a). Give w(q).
1
Suppose 32 = 2*d + 5*o, -4*d - 91*o + 34 = -86*o. Let r(y) = -15*y**2 - 9*y + 9. Give r(d).
-15
Let c(z) = -z**2 - 16*z + 32. Suppose 1782*o = 1765*o - 306. Calculate c(o).
-4
Let u(v) = -v**3 - v**2 + 11*v - 5. Suppose -3*f = -5*t - 14, -12*t + 16*t + 12 = 2*f. Determine u(t).
-1
Let p = 938 + -936. Let a = 16 + -14. Let z(f) = -3 + 9*f - 11*f + 3*f**a + 0*f + 6. Determine z(p).
11
Let g(z) = z**2 + 10*z. Let c(t) = -2*t**2 - 21*t + 1. Let u(i) = 2*c(i) + 5*g(i). Suppose 62*p = 68*p + 24. Let x be (14/p)/((-181)/(-362)). Determine u(x).
-5
Suppose -18 = -48*s + 23*s + 23*s. Let c(a) be the third derivative of 0*a - 1/8*a**4 + 0*a**3 + 0 + s*a**2. What is c(3)?
-9
Let w(h) = 12*h - 98. Let z be w(-13). Let k = 244 + z. Let g(s) = -2*s - 22. What is g(k)?
-2
Let h = -22465 - -22467. Let q(o) be the second derivative of -3/2*o**h + 2*o + 0 + 1/6*o**3. Calculate q(4).
1
Let b(y) be the third derivative of -8 + 0*y**4 + 2*y**2 - 1/120*y**6 - 5/3*y**3 - 11/60*y**5 + 0*y. What is b(-11)?
-10
Suppose -4*n + 22 = -3*c, -3*n + 2 + 27 = 4*c. Let d(r) be the second derivative of r**5/10 - r**4/6 - r**3/3 + 3*r**2/2 - 5*r. What is d(c)?
7
Suppose 0 = 2*x - 34 - 16. Let z = 28 - x. Let p(h) = h**3 - 4*h**2 + 1. Let f(g) = -g**3 + 5*g**2 - g - 1. Let i(o) = z*p(o) + 2*f(o). Calculate i(-2).
-11
Let a = -350 - -356. Let i(l) = 40533*l - a - 40534*l + 0. Determine i(-13).
7
Let u(s) = -7 + 4 + s**2 + 4 + 2 - 34*s + 43*s. Determine u(-8).
-5
Let k(p) = -7*p**3 + 2*p**2 + 3*p - 2. Let d(m) = 2*m**3 - 2*m**2 - 2. Let o(f) = -3*d(f) - k(f). Determine o(-5).
-2
Let y(t) = -2*t**2 + 2*t + 2. Let f be y(2). Suppose 3*m = 4 + 5. Let j(u) = u**2 + u**3 - 289 + 2*u - m*u + 289. Give j(f).
-2
Let q(i) = i**3 + 6*i**2 - 17*i - 12. Suppose -196*k - 196*k - 56 = -385*k. Determine q(k).
-4
Let p(u) = -3*u**2 - u - 1. Let w = 10 + -3. Let h be 87/21 + 24/28 + 3. Suppose -r + h*r = -w. Determine p(r).
-3
Let s = -2227 + 2221. Let n(x) = -x**2 - 14*x - 14. Determine n(s).
34
Let i(p) = -2*p - 27. Let f be i(-13). Let h(l) be the third derivative of 7*l**4/8 + l**3/3 - 341*l**2 - 1. Give h(f).
-19
Let r(y) be the first derivative of -y**3/3 - 9*y**2/2 - 2*y - 142. Give r(0).
-2
Let k(v) = -48 - 3 + 12*v + 14 + 0 + 11. Calculate k(7).
58
Let d(f) = f + 9. Let p = 2334 + -2318. Let w(a) = -4*a**3 - a**2 + a - 2. Let v be w(-2). Suppose p = -4*c - v. Give d(c).
-1
Let p(b) = 198*b**2 - 196*b**2 - 502 - 11*b + 511. What is p(7)?
30
Let f(u) be the second derivative of u**5/20 - 13*u**4/12 + 37*u**3/6 + 9*u**2/2 + u - 243. What is f(8)?
-15
Let o(w) = -w**3 - 3*w**2 + 5*w + 6. Let m be 2/(-20)*4 + 717/5. Suppose -5*a - 3*d - 538 = 0, 3*a - m = -4*d - 457. Let i be (-22)/a - 21/5. Determine o(i).
2
Let u(j) = j**2 + 3*j + 4. Let r(k) = 36*k - 1. Let s be r(0). Give u(s).
2
Let r be ((-39)/(-6) - 3) + (-390)/60. Let s(q) = 34*q + 2. Determine s(r).
-100
Let n(x) = -4 + 6*x**2 - 4*x**2 - x + 7 + 6*x. Let v = 25 + -27. Let z be (1 + 0)/(v/6). What is n(z)?
6
Let v(r) be the first derivative of -r**2/2 - 7*r + 10. Let s be 4/(-46) + (-102)/(-1173). Give v(s).
-7
Suppose 23470*a - 23494*a = 9 + 39. Let j(b) = -1 - 3*b + 0 - 2*b. Calculate j(a).
9
Let s(r) = -54*r + 1. Let h be s(-1). Suppose 7*x = 2*x + h. Let b(f) = f**3 - 5 + 4 - 2*f - 4*f - 14*f**2 + x*f**2. What is b(5)?
19
Let s(a) be the first derivative of -a**3/3 - 13*a**2 - 9*a + 296. Give s(-27).
-36
Let f(u) = u. Let l(p) = 2*p**2 - 10*p + 2. Let g be l(-3). Let c = g - 44. Calculate f(c).
6
Suppose -2*y = 5*s - 70, -111 = -5*y - 5*s + 94. Suppose i + y = 6*i. Let d(p) = -p + 4. Let a(u) = u - 3. Let l(c) = -3*a(c) - 2*d(c). What is l(i)?
-8
Let b(n) = 6*n**2 - n**3 + 18 - 3*n**2 - n - 2*n**3 - 19. What is b(2)?
-15
Let y(g) = -g - 2. Suppose -7 = 3*l - 4*l. Let x be (l/(-21))/((-4)/768). Let t be (-22)/8 + 48/x. What is y(t)?
0
Let s(r) = 77*r - 176*r + 24*r - 823. What is s(-11)?
2
Let a be (-2)/(-2) - (0 - 0). Let x(t) be the first derivative of -9*t**2 + 16204. Calculate x(a).
-18
Let p = 76 + -70. Let b(n) = 31 + 6*n + 26 + 26 - 78 - n**3 - p*n**2. Give b(-6).
-31
Let c = -298 - -301. Let y(l) = 8*l**2 - 24*l + 3. Let d be y(c). Let w(s) = -s**2 + 4*s + 1. Calculate w(d).
4
Let l = 3882 + -3876. Let j(x) = -x**3 + 5*x**2 + x + 4. Give j(l).
-26
Let o(s) = -10*s + 917. Let p(t) = -140*t + 12975. Let q(l) = 85*o(l) - 6*p(l). Give q(9).
5
Let z = 3 + -1. Let l(n) be the first derivative of n**4/4 + n**3/3 + 2*n - 4573. Determine l(z).
14
Suppose 17*u - 268 + 457 - 342 = 0. Let p(z) = 6*z - 59. What is p(u)?
-5
Let j(d) be the first derivative of -d**2/2 + 7*d - 2. Let t = 440 - 432. Suppose t*v - 96 = -8*v. Determine j(v).
1
Let m(r) = r**2 - 5*r. Suppose -9*k = -5*k + 4. Let a be 26/65 - (-3)/5. Let h be ((k/a)/2)/(9/(-54)). Give m(h).
-6
Let l(a) be the third derivative of -1/60*a**5 + 0 - 1/3*a**4 + 0*a + 10*a**2 + 1/3*a**3. Let m(x) = x**2 + 6*x - 7. Let s be m(-6). Give l(s).
9
Let w(o) = 2*o**2 - 4*o + 3. Let n(t) = 2*t + 23. Let a be n(-7). Let g(y) = 18 - a*y**2 - 4*y**2 + 2*y + 11 - y**3. Let z be g(-13). Determine w(z).
9
Let b = 620 + -592. Let j be 21/b - 9/(-4). Let a(o) = -o - 2. What is a(j)?
-5
Let w be (22/3)/((-30)/45). Let n(x) = 485*x**2 - 11*x - 1 - x + 484*x**2 - 6 - 970*x**2. Determine n(w).
4
Let o(p) be the second derivative of 7*p + 0 + 0*p**3 + 13/12*p**4 + 0*p**2. Suppose -3*i - 5 = -5*c + i, 0 = -5*c + 5*i + 5. What is o(c)?
13
Let 